pose -25 = -3*n + 17. What is the highest common divisor of n and 42?
14
Suppose -2*b + 0*b + 182 = y, 0 = -3*b + 3*y + 273. Suppose 0 = -4*a + 24 + 28. Calculate the highest common divisor of a and b.
13
Let q = 16 + -7. What is the highest common divisor of 144 and q?
9
Suppose 2*q + 64 = 4*k - 3*q, 0 = -4*k + 2*q + 76. Calculate the highest common factor of 231 and k.
21
Suppose 2*d + 349 = 4*d + 5*t, -930 = -5*d - t. Calculate the highest common factor of 17 and d.
17
Let z be (4 + -2 + -6)*-2. Calculate the highest common factor of 8 and z.
8
Suppose 2*k - 2 = 2*i - 0, 5*k = -i + 11. Suppose -4*a = -k*a. Suppose -2*j = -2*t - 14, j = -a*t + 5*t + 19. Calculate the highest common factor of j and 8.
4
Let h = 73 - 10. Suppose -3 = a - 0, 3*a = -d. Calculate the highest common divisor of d and h.
9
Suppose -4 = -d - f + 1, f = 5*d - 7. Let y(v) = v - 2*v + v**3 + 2 + 0 - v**d. Let p be y(3). Calculate the greatest common divisor of p and 187.
17
Suppose 2*k - 8 = -2*k. What is the highest common divisor of k and 4?
2
Let p(u) = 2*u**2 - 8*u + 12. Let n be p(8). Suppose 4*l - n = -4*j, 25 = 3*j - 2*j - 5*l. What is the greatest common factor of j and 30?
10
Let x(u) be the first derivative of u**4/4 + 10*u**3/3 + 2*u**2 + 5*u + 6. Let t be x(-5). Calculate the greatest common factor of 10 and t.
10
Suppose 0 = -3*r - 3*i - 3, -5*r + 4*i - 6*i = -4. What is the highest common divisor of 14 and r?
2
Let q = 6 + -7. Let a be (-5)/(5/(-2)) - q. What is the highest common factor of a and 1?
1
Let x = -12 - 6. Let y be 2*x/(-8)*6. Suppose 3*v = y - 6. Calculate the highest common factor of v and 21.
7
Let v(f) = f**2. Let k = 2 + -3. Let c be v(k). Let z(s) = s**2 + 6*s + 5. Let p be z(-6). What is the greatest common factor of p and c?
1
Let q = 7 - 5. Suppose -q*g + 350 = 5*j, -4*j + 97 = -g - 183. What is the greatest common divisor of j and 28?
14
Let n = -49 - -55. What is the greatest common factor of 54 and n?
6
Let u be (-10)/(1/2*-1). Let z = -3 - -6. Let j = 47 + z. What is the highest common divisor of u and j?
10
Let v(o) = -o**3 - o**2 + 4*o - 1. Let p be v(-3). Let b be 62/p + (-8)/20. Suppose 5*h - 2*h = 36. Calculate the greatest common divisor of b and h.
12
Let q(g) = -g**3 + 8*g**2 - g - 4. Let r be q(4). Calculate the greatest common divisor of r and 7.
7
Let g(v) = v + 14. Let y be -1 + -8*(3 + -2). Let h = y - -2. Let c be g(h). What is the highest common factor of c and 1?
1
Let w(x) = 1 + 3 - 6*x + 7*x. Let o be w(2). What is the greatest common factor of o and 4?
2
Let t be (-9 + 10)*(1 - -2). Suppose -2*m + 10 = -2*s, t*s + 23 = 4*m + 2*s. Calculate the highest common factor of 66 and m.
6
Suppose -4*j = -0*j - 240. Let z = 30 + -3. Let x be -2 + (z - 1)/1. What is the highest common factor of x and j?
12
Suppose -4*x = -2*k + 344, 2*k - 2*x = 4*k - 368. Calculate the highest common divisor of k and 45.
45
Let g(x) = x**3 + 7*x**2 + 3*x. Let m be g(-6). Calculate the highest common divisor of 9 and m.
9
Let v(w) = 84*w - 4. Let q be v(3). Suppose 0 = 3*c + 2*g - q, 135 + 41 = 2*c + 4*g. What is the highest common divisor of c and 16?
16
Suppose 4*t - 46 = -5*l, -l = -5*l + 5*t + 45. Let v = l - 9. Let y(w) = w. Let u be y(2). What is the highest common divisor of v and u?
1
Let k(n) be the third derivative of 3*n**5/20 - n**4/24 - n**3/3 - 4*n**2. Let b = 0 + -2. Let a be k(b). What is the greatest common divisor of 12 and a?
12
Suppose 5*m = -20, 0 = 2*z - 6*z - 2*m + 152. Suppose 2*t = -c + 19, 0 = -0*t + 4*t - 2*c - 42. Calculate the highest common factor of z and t.
10
Let s be (-3)/1 + -5 + 10. Suppose -s*o + 6*o - 36 = 0. Calculate the highest common divisor of o and 72.
9
Let w = 170 + -167. Calculate the highest common factor of 27 and w.
3
Suppose -2*o + 4 = -4. Let g(f) = f**3 - 3*f**2 - 4*f + 4. Let b be g(o). Calculate the highest common factor of b and 32.
4
Let q = -32 + 9. Let k(m) = -19*m + 1. Let p be k(-2). Let g = q + p. What is the greatest common factor of 64 and g?
16
Let o(f) = -20*f - 3. Let n = -9 + 7. Let s be o(n). Suppose 5*u - s - 28 = 0. Calculate the highest common divisor of 26 and u.
13
Suppose 1 = -7*d + 8*d. Calculate the greatest common divisor of 7 and d.
1
Let k = 27 - 16. Let p = k + 1. Calculate the greatest common factor of p and 120.
12
Let u(h) = 6*h + 17. Let z be u(5). Calculate the greatest common factor of 235 and z.
47
Let x(b) = 34 - 10*b + 10 + 4*b + 7*b. Let u be x(0). Calculate the greatest common divisor of 4 and u.
4
Let j = -8 + -10. Let g = 58 + j. Calculate the highest common divisor of g and 5.
5
Let c(f) = -f**3 - f**2 + 4*f + 2. Let g be c(-4). What is the highest common factor of 136 and g?
34
Let q(f) = -f**3 + 9*f**2 - 9*f + 10. Let b be q(8). Calculate the highest common divisor of b and 10.
2
Suppose 0*q - 270 = -4*g - q, g = 3*q + 74. Calculate the greatest common factor of g and 102.
34
Let q be 22 + 2*(-2 + 3). Calculate the greatest common factor of q and 6.
6
Let w(p) be the first derivative of -3 + 5*p - 1/4*p**4 - 3*p**2 - 7/3*p**3. Let s be w(-6). What is the greatest common divisor of s and 5?
5
Let w(u) = 2*u**2 - 11*u + 8. Let t be w(7). Calculate the greatest common factor of 29 and t.
29
Let g(i) = 67*i**2 - 1. Let s be g(1). Calculate the greatest common factor of s and 44.
22
Let c(l) = 22*l**2 - 6*l + 4. Let s(j) = 44*j**2 - 11*j + 7. Let f(k) = -7*c(k) + 4*s(k). Let a be f(2). What is the highest common divisor of 14 and a?
14
Let r(t) = 4*t. Let l be r(1). Let p be 15/(-2 - (-10)/l). Let g(n) = -n. Let i be g(-3). Calculate the highest common divisor of i and p.
3
Let i(f) = f**2 - 9*f - 10. Suppose -2*z + 38 = 4*t, 55 = 3*z + 8*t - 3*t. Suppose -29 = -4*g + z. Let d be i(g). What is the highest common factor of 12 and d?
12
Let f = -429 - -251. Let v = -101 - f. What is the highest common divisor of 11 and v?
11
Let s be (195/6 + -2)*2. Let r = 180 - s. Calculate the greatest common factor of 17 and r.
17
Let l be (-58)/5*1*(-5)/2. What is the highest common divisor of 261 and l?
29
Suppose -20 = -9*g + 4*g. Suppose 4*y = b + 123, 20 = 3*b + b. Calculate the highest common factor of g and y.
4
Suppose 3*s - 39 + 3 = 0. Let z be 23 - (-3)/(-6)*-2. Calculate the highest common factor of s and z.
12
Suppose 0 = 2*j - 0*j. Suppose j = p - 3*p + 36. Let a = 412 - 250. What is the highest common factor of p and a?
18
Suppose 0*q + 20 = q. Suppose b + 2*b = -5*z + 37, q = 2*b + z. What is the greatest common divisor of 36 and b?
9
Suppose 3*z - 17 + 2 = 0. Suppose -2*v = -z*v + 216. Calculate the highest common divisor of 8 and v.
8
Let t(x) be the first derivative of -x**4/4 - x**3 - x**2/2 + 2*x + 1. Let o = 6 - 9. Let c be t(o). Calculate the greatest common divisor of c and 5.
5
Suppose 2*j - 7*h + 4*h - 13 = 0, j = -h + 4. Suppose 4*z = j*z - 4. Calculate the greatest common divisor of 16 and z.
4
Let c(t) = -t**2 - 20*t - 18. Let i be c(-14). Calculate the greatest common factor of i and 264.
66
Suppose 0 = 4*a - 6*a + 4. Suppose o + 0*p = 5*p + 29, 4*o + a*p = 50. What is the greatest common divisor of 42 and o?
14
Suppose 3*d = -3*c + 33, 3*c - 50 + 21 = -d. Let t be (-4 + 9)*(-3)/(-5). What is the greatest common factor of t and c?
3
Suppose 47 = -5*u - 18. Let x = 35 + u. What is the greatest common factor of x and 154?
22
Suppose 4*f = -2*f + 738. Calculate the greatest common factor of f and 82.
41
Let y be 16/(-12) - 13/(-3). Suppose -3*o - w = -39, -6*o + y*o = -w - 45. What is the highest common factor of 154 and o?
14
Suppose -4*s + 2*s + 196 = 0. Suppose -2*q + 37 - 9 = 0. What is the highest common factor of s and q?
14
Let f(a) = 18*a**2 - a - 2. Let y be f(-2). Suppose z + 0*z = 2*c + 24, 3*z = -3*c + y. What is the greatest common divisor of z and 3?
3
Let r = 91 - 55. Suppose 5*l - 2 = 8. Suppose -2*x - l*j + 24 = 2, 4*x = -5*j + 43. Calculate the greatest common divisor of r and x.
12
Let p(h) = h**3 + 4*h**2 - h - 2. Let s be p(-4). What is the greatest common factor of 1 and s?
1
Suppose 0 = w - 5, -4*i - 27 = -2*i - 5*w. Let l(b) = -35*b**3 - 2*b**2 - b. Let a be l(i). What is the greatest common divisor of 17 and a?
17
Let s = -105 - -122. Calculate the greatest common divisor of s and 357.
17
Let r be 1740/110 + (-